301?
1
What is the tens digit of 497?
9
What is the thousands digit of 71160?
1
What is the hundreds digit of 1143?
1
What is the hundreds digit of 6511?
5
What is the ten thousands digit of 29446?
2
What is the tens digit of 4507?
0
What is the hundreds digit of 6599?
5
What is the thousands digit of 1668?
1
What is the thousands digit of 38244?
8
What is the tens digit of 1560?
6
What is the ten thousands digit of 158530?
5
What is the ten thousands digit of 70593?
7
What is the units digit of 4432?
2
What is the thousands digit of 7905?
7
What is the hundreds digit of 593?
5
What is the units digit of 533?
3
What is the hundreds digit of 42171?
1
What is the units digit of 27293?
3
What is the ten thousands digit of 76925?
7
What is the tens digit of 6227?
2
What is the ten thousands digit of 89905?
8
What is the units digit of 23390?
0
What is the hundreds digit of 1180?
1
What is the hundreds digit of 9930?
9
What is the thousands digit of 2104?
2
What is the hundreds digit of 848?
8
What is the tens digit of 26133?
3
What is the hundreds digit of 747?
7
What is the units digit of 1249?
9
What is the thousands digit of 9958?
9
What is the thousands digit of 17922?
7
What is the tens digit of 8292?
9
What is the tens digit of 74?
7
What is the thousands digit of 50187?
0
What is the tens digit of 4609?
0
What is the hundreds digit of 1137?
1
What is the hundreds digit of 293?
2
What is the tens digit of 3819?
1
What is the tens digit of 466?
6
What is the units digit of 88?
8
What is the units digit of 11379?
9
What is the ten thousands digit of 177358?
7
What is the hundreds digit of 306?
3
What is the units digit of 134764?
4
What is the hundreds digit of 1099?
0
What is the tens digit of 452?
5
What is the tens digit of 13907?
0
What is the ten thousands digit of 25804?
2
What is the hundreds digit of 3309?
3
What is the units digit of 5580?
0
What is the tens digit of 11429?
2
What is the thousands digit of 1930?
1
What is the hundreds digit of 803?
8
What is the ten thousands digit of 61272?
6
What is the thousands digit of 9392?
9
What is the tens digit of 4099?
9
What is the tens digit of 1437?
3
What is the hundreds digit of 3903?
9
What is the hundreds digit of 24276?
2
What is the hundreds digit of 162741?
7
What is the thousands digit of 44619?
4
What is the tens digit of 20961?
6
What is the hundreds digit of 2378?
3
What is the ten thousands digit of 114585?
1
What is the tens digit of 13536?
3
What is the hundreds digit of 7247?
2
What is the hundreds digit of 3059?
0
What is the thousands digit of 40047?
0
What is the ten thousands digit of 14769?
1
What is the units digit of 1554?
4
What is the hundreds digit of 110688?
6
What is the tens digit of 2327?
2
What is the tens digit of 158?
5
What is the hundreds digit of 281?
2
What is the hundreds digit of 440?
4
What is the hundreds digit of 4242?
2
What is the hundreds digit of 2259?
2
What is the thousands digit of 3122?
3
What is the tens digit of 2422?
2
What is the ten thousands digit of 186808?
8
What is the units digit of 7210?
0
What is the hundreds digit of 2030?
0
What is the hundreds digit of 9328?
3
What is the ten thousands digit of 23733?
2
What is the tens digit of 4346?
4
What is the tens digit of 40898?
9
What is the units digit of 1705?
5
What is the tens digit of 2749?
4
What is the hundreds digit of 297?
2
What is the tens digit of 15598?
9
What is the units digit of 181?
1
What is the hundreds digit of 7348?
3
What is the tens digit of 6122?
2
What is the hundreds digit of 6106?
1
What is the tens digit of 27417?
1
What is the hundreds digit of 540?
5
What is the units digit of 1883?
3
What is the hundreds digit of 3173?
1
What is the thousands digit of 2370?
2
What is the tens digit of 2178?
7
What is the tens digit of 5417?
1
What is the thousands digit of 1004?
1
What is the hundreds digit of 21370?
3
What is the hundred thousands digit of 168354?
1
What is the units digit of 40461?
1
What is the units digit of 452?
2
What is the tens digit of 24588?
8
What is the tens digit of 2292?
9
What is the thousands digit of 2201?
2
What is the units digit of 71765?
5
What is the tens digit of 170234?
3
What is the ten thousands digit of 15475?
1
What is the thousands digit of 17059?
7
What is the tens digit of 72379?
7
What is the units digit of 29077?
7
What is the thousands digit of 1706?
1
What is the tens digit of 567?
6
What is the thousands digit of 40826?
0
What is the tens digit of 4501?
0
What is the hundreds digit of 9256?
2
What is the tens digit of 20274?
7
What is the hundreds digit of 4175?
1
What is the tens digit of 107145?
4
What is the hundreds digit of 56643?
6
What is the tens digit of 2451?
5
What is the ten thousands digit of 67017?
6
What is the units digit of 1568?
8
What is the hundreds digit of 11722?
7
What is the tens digit of 145?
4
What is the hundreds digit of 40243?
2
What is the tens digit of 1740?
4
What is the tens digit of 4757?
5
What is the hundreds digit of 2903?
9
What is the hundreds digit of 889?
8
What is the thousands digit of 3227?
3
What is the tens digit of 14563?
6
What is the units digit of 25197?
7
What is the hundreds digit of 1426?
4
What is the hundreds digit of 10893?
8
What is the hundreds digit of 6136?
1
What is the hundreds digit of 760?
7
What is the hundreds digit of 2318?
3
What is the units digit of 6164?
4
What is the units digit of 2107?
7
What is the ten thousands digit of 17267?
1
What is the hundreds digit of 1717?
7
What is the ten thousands digit of 13271?
1
What is the tens digit of 330?
3
What is the tens digit of 12031?
3
What is the hundreds digit of 235?
2
What is the tens digit of 4122?
2
What is the thousands digit of 12689?
2
What is the ten thousands digit of 10423?
1
What is the hundreds digit of 8484?
4
What is the units digit of 154082?
2
What is the hundreds digit of 6176?
1
What is the thousands digit of 2539?
2
What is the units digit of 91051?
1
What is the thousands digit of 54048?
4
What is the thousands digit of 18449?
8
What is the thousands digit of 29745?
9
What is the hundreds digit of 1036?
0
What is the thousands digit of 8734?
8
What is the units digit of 2729?
9
What is the hundreds digit of 3918?
9
What is the units digit of 1467?
7
What is the thousands digit of 129843?
9
What is the units digit of 94?
4
What is the tens digit of 1602?
0
What is the units digit of 37629?
9
What is the hundreds digit of 7214?
2
What is the units digit of 16926?
6
What is the hundreds digit of 5491?
4
What is the tens digit of 2890?
9
What is the tens digit of 70819?
1
What is the tens digit of 3572?
7
What is the units digit of 1221?
1
What is the thousands digit of 5266?
5
What is the thousands digit of 78089?
8
What is the hundreds digit of 122?
1
What is the hundreds digit of 12352?
3
What is the tens digit of 3694?
9
What is the units digit of 3?
3
What is the hundreds digit of 888?
8
What is the tens digit of 80588?
8
What is the tens digit of 61720?
2
What is the units digit of 50?
0
What is the units digit of 10473?
3
What is the hundreds digit of 1582?
5
What is the hundreds digit of 34284?
2
What is the hundreds digit of 54228?
2
What is the tens digit of 6336?
3
What is the hundreds digit of 2367?
3
What is the units digit of 625?
5
What is the thousands digit of 3874?
3
What is the thousands digit of 2080?
2
What is the units digit of 448?
8
What is the tens digit of 1117?
1
What is the tens digit of 840?
4
What is the units digit of 12312?
2
What is the tens digit of 929?
2
What is the tens digit of 5295?
9
What is the thousands digit of 18371?
8
What is the units digit of 3262?
2
What is the thousands digit of 3844?
3
What is the tens digit of 794?
9
What is the hundreds digit of 2670?
6
What is the thousands digit of 2145?
2
What is the units digit of 3096?
6
What is the ten thousands digit of 64881?
6
What is the units digit of 315?
5
What is the thousands digit of 9949?
9
What is the ten thousands digit of 21829?
2
What is the tens digit of 31351?
5
What is the tens digit of 42217?
1
What is the tens digit of 1484?
8
What is the tens digit of 355?
5
What is the ten thousands digit of 94936?
9
What is the hundreds digit of 681?
6
What is the units digit of 5491?